 Suppose j = -i + 1 - 7. Let b(a) = -a**3 - 7*a**2 - 6*a - 1. Determine b(i).
-1
Let r = -10 + 14. Let q(h) be the third derivative of -h**6/120 + h**5/20 + h**4/6 + h**3/2 - 629*h**2. What is q(r)?
3
Let w(g) = -5*g - 4. Let a be w(-2). Let c = -3 + 5. Let y(z) = -5*z**2 + 5*z + c*z**2 + 6 - 11*z + 4*z**2. Determine y(a).
6
Let f(i) = -i**3 - 5*i**2 - 4*i + 5. Let b be 3/(-9) - (-60)/18. Suppose b*l + 8 = -x, x - 13 = 5*l + 11. Calculate f(l).
5
Let m(i) = i**2 - i + 19. Let a(h) = h**3 + 3*h**2 - 6*h - 8. Let y be a(-4). Determine m(y).
19
Let s(i) = -i + 42. Let b be s(6). Let p be ((-6)/9)/(6/b). Let f(k) = -k**2 + 5. What is f(p)?
-11
Suppose 0 = -14*n - 3 + 17. Let y(m) be the first derivative of 2 - 9/4*m**4 - m - 1/3*m**3 + m**2. What is y(n)?
-9
Let r(p) be the second derivative of -p**5/20 - 5*p**4/12 - p**3/3 + p**2/2 + 2*p. Let a be (-5 + 1)/(380/475). Calculate r(a).
11
Let m = -15468 - -15469. Let q(v) be the first derivative of -23*v**2/2 + v + 1. Calculate q(m).
-22
Let o(m) = 3*m**3 - 20*m**2 + m - 5. Let q(w) = w**3 - 3*w**2 + w + 1. Let j(h) = -o(h) + 4*q(h). What is j(-7)?
37
Suppose -3*z = b - 3 - 3, 0 = 4*b - z + 2. Suppose t + 22 = 4*n - 7*n, -4*n + 4*t - 40 = b. Let c(h) = h**3 + 9*h**2 + 8*h + 7. Determine c(n).
7
Let j(h) = h**3 + 23*h**2 + 2*h + 40. Let u be j(-23). Let c(l) = -l - 6. What is c(u)?
0
Suppose 0*q + 5*q + g - 70 = 0, 2*g = 2*q - 16. Suppose -q = -3*k - 2*j, 2*k = 3*j + 2*j - 4. Let c(z) = z**3 - 4*z**2 - 2*z - 1. What is c(k)?
-16
Let u be 1/(-2*(-2)/(-8)). Let r(h) = h**2 + 5*h - 3. Let b(w) = w**2 + 4*w - 2. Let q(f) = -3*b(f) + 2*r(f). What is q(u)?
0
Let p be (4/(-6))/((-30)/135). Suppose 15 = 2*b + p*b + 5*t, -3*t + 16 = 4*b. Let r(y) = y**2 - 8*y + 7. Give r(b).
0
Suppose -5*m + 30 = t, 0 = -5*m + 2*m + 9. Let z(b) = 16 - t - 25 - b**2 + 2*b**2. What is z(0)?
-24
Suppose 0 = l + 2, 4 = 2*j + 2*l. Let i be (-18)/j*(-4)/(-3). Let o(g) = 13*g - 7*g - 6*g + 2*g. Give o(i).
-12
Let o(k) = k**3 - 4*k**2 + k - 4. Let w(g) be the third derivative of g**4/6 - g**3/3 + 2*g**2. Let h be w(1). Suppose -16 = -2*u - h*u. Determine o(u).
0
Let a(g) = -g + 3. Let y(h) = 6*h. Let j(l) = 2*a(l) + y(l). Determine j(-4).
-10
Let p(y) = -4 + 5*y**2 + 3 + y**3 + 4*y**3 - 4*y**3. Determine p(-4).
15
Let g(w) = 10*w**2 - 2*w - 1. Suppose 0 = 5*s + 35 - 30. What is g(s)?
11
Let g be 3 - 25/(10/(-2)). Suppose 5*a + 4*y = -1, -4*a - g = -5*y + y. Let i(j) = 16*j**2 + j + 1. Calculate i(a).
16
Let a be -3*1/6*-6. Suppose 10 = a*j - j - 2*f, -4*j = -5*f - 24. Suppose i = 1 + j. Let s(w) = -2*w - 2. What is s(i)?
-6
Let y = 7 + -11. Let a(u) = 2*u - 2*u - 4*u - 26*u**2 + 85 + 25*u**2 - 89. What is a(y)?
-4
Let f(r) = 4*r**2 - r - 4 + 2*r**2 - r**3 - 3*r - r**2. Let p(z) = -z + 8. Let v be p(6). Suppose -w + v + 2 = 0. Give f(w).
-4
Let r(f) = f - 12. Suppose -33 = -5*s + 4*m, -s + 7 = -m + 1. What is r(s)?
-3
Let g(a) = -a**2 - 36*a - 133. Let m be g(-32). Let w(y) = -y**2 - 4*y + 7. What is w(m)?
2
Let x(f) = -4*f**2 - 6*f + 4. Suppose -3*c = 4*t + 14 + 11, -c - 7 = t. Calculate x(c).
-14
Suppose b - 3 = 3*b - 3*h, -5*b + h = -12. Let a(f) = 6 + b - 10 + f - 8*f**2. What is a(1)?
-8
Suppose -7*o = 65 - 51. Let w(a) = -6*a. What is w(o)?
12
Let l = -22 + 44. Let a = l - 27. Let v be (-3)/a - (-34)/10. Let b(f) = -f**2 + 6*f - 4. Calculate b(v).
4
Let m = 92 - 89. Let x(i) = 0*i + 0*i + 111*i**2 + 6*i - m - 109*i**2. What is x(-5)?
17
Let r(w) be the second derivative of 5*w**3/6 + w**2/2 - 2*w. Let k(q) = q**2 - 14*q - 14. Let g be k(16). Suppose -g = -6*x + 12*x. Give r(x).
-14
Let t(j) be the third derivative of -j**4/12 + j**3/2 - 2*j**2. Suppose 0 - 1 = -n. Let h(o) = 3*o. Let c be h(n). Determine t(c).
-3
Suppose 2*m - 4*m + 4*y = -8, 5*m = 4*y + 26. Suppose -19 = -5*t + h, 2*t - 5*h - 9 = 17. Let i(w) = -4*w - 6*w**2 - w + w**t + w**2. Give i(m).
6
Let y(a) = a**2 - 6*a + 3. Let u(p) = 6*p - 5. Let r be u(4). Suppose -2*o = -3*c + 5, -4*c + o - 4 + r = 0. Determine y(c).
-2
Let l(w) = -4*w + w**2 + 19*w - 20*w + 2. Give l(4).
-2
Let i(x) be the second derivative of x**4/12 + 4*x**3/3 - 312*x. What is i(-4)?
-16
Let u(h) = -h. Let x be (-49)/5 - 7/35. Let i be (10/25)/((-2)/x). Let d be (1 - (-6)/(-3))*i. Determine u(d).
2
Let f(w) = -w**2 + 9*w + 26. Let a be f(11). Let u(b) = b**2 - 2*b - 2*b - 4*b - a + 10*b. Calculate u(3).
11
Let g(y) = 2*y**2 - y**2 - 3 - 5*y - 2*y**2 - 3 + 12. Let d(n) = n**3 - 5*n**2 - 7*n. Let s be d(6). What is g(s)?
0
Suppose -4 = p - 3*p. Let k(t) = 3*t + 14. Let l(v) = -v - 7. Let n(c) = p*k(c) + 5*l(c). Let f be 3 + -7 + 1/(1/8). Calculate n(f).
-3
Suppose 3*g - 8*p + 3*p = 20, 4*p - 65 = -3*g. Suppose 5*h - 3*z = g, -z - 55 = -5*h - 6*z. Let b(t) = 5*t - 7. Determine b(h).
23
Let o(c) be the third derivative of -c**6/120 - c**5/60 - 13*c**3/6 + 4*c**2 + 60*c. What is o(0)?
-13
Suppose 8*i - 41 + 1 = 0. Let c(z) = 5*z - 7. Calculate c(i).
18
Suppose -c + 20 = -0*n - 3*n, 3*c + 2*n = 5. Let o(m) = 2*m - 6 + 3*m - 8*m - c. Give o(-8).
13
Let a(q) be the third derivative of q**6/120 - q**5/15 + 2*q**3/3 + 21*q**2 - 1. Determine a(3).
-5
Suppose 5*c = 11 + 4, 11 = -2*s + 5*c. Suppose -3*p = 5*r - s*p + 8, -r = 4*p - 6. Let h(g) = -45*g + 21*g - 4 + 2 + 22*g. Determine h(r).
2
Let w(g) = -2177*g**2 - 7 + 2 + g**3 + 2187*g**2. Determine w(-10).
-5
Let u(n) = -n + 1. Let h be u(3). Let q be 406/12 - 3/(-18). Let s(c) = -3*c - 34 + 66 - q - 2*c**2. Determine s(h).
-4
Let c(u) = u**3 + 7*u**2 + 5*u + 1. Let k = -11 + 16. Suppose 3*w - 12 = 15*w. Let x = w - k. Give c(x).
7
Let g = 182 + -178. Let b(v) be the first derivative of -1/4*v**g - 3 + 5/2*v**2 - 3*v - v**3. Give b(-4).
-7
Let s(c) = -2*c**2 - 3*c + 2. Let r be ((-7)/(-21))/(-3 - 76/(-24)). Give s(r).
-12
Let h(t) be the first derivative of -t**4/4 + 17*t**3/3 - 15*t**2/2 - 10*t - 5. What is h(16)?
6
Let q(t) be the third derivative of -t**6/360 - t**5/24 - t**4/6 + 7*t**3/2 - 22*t**2. Let d(m) be the first derivative of q(m). Determine d(-3).
2
Let x(k) = -7*k**2 - 5*k + 4. Let z(r) be the first derivative of r**3 + 3*r**2/2 - 2*r - 4. Let h(m) = -2*x(m) - 5*z(m). Suppose -2*q = -q + 6. Give h(q).
-4
Let z(d) = -2*d - 5. Let f be z(-9). Suppose -10*h + f*h = 72. Suppose 3*t - 21 = 5*r + 3, -3*r = -5*t + h. Let b(p) = -5*p - 4. Give b(r).
11
Let u(k) = -3*k + 8. Let m be (-75)/(-6) - (-3)/(-6). Let d be u(m). Let o be 5/15 + d/(-6). Let c(q) = q + 1. Determine c(o).
6
Let m(c) = 2*c**2 - 39*c + 11. Suppose 13*q - 8*q - 80 = -5*d, 5*d - 83 = -4*q. Determine m(d).
-8
Let j(f) = 43*f - 4 - 21*f - 14*f. Calculate j(3).
20
Let j(m) = -m + 4. Let u be (-4)/(8 + -4) + 1. Let f(k) = -k**2 + k + 5. Let w be f(u). Give j(w).
-1
Let r(q) = q**2 - 18*q + 8. Let w(z) = 13*z**2 - 32*z - 4. Let c be w(3). Determine r(c).
-9
Suppose 0*i - 13 = 2*q - 3*i, -10 = 5*q - 3*i. Let z(a) = -3*a + 0*a + 0*a + q + a**2 + 0*a**2. Give z(4).
5
Let y(d) be the first derivative of d**4/4 - 10*d**3/3 + 4*d**2 + 5*d + 6. Suppose -4*o + 39 = m, 5*o - 35 - 13 = -m. Calculate y(o).
-4
Let h(k) = -25*k. Let w = 24 - 21. Suppose -20 = -5*n - 3*d, -5*n - w*d = -3*n - 17. What is h(n)?
-25
Let o = 6 + -3. Let j(k) = -20*k**o - 1 - 1 + 7 - k + 19*k**3 + 5*k**2. Determine j(5).
0
Suppose 5*r - 5*s = -3*s + 42, 0 = -r - 5*s + 3. Let c be (-4 + 0)/(r/(-6)). Let v(z) = -z**2 + 5*z - 2. What is v(c)?
4
Let q(i) = 3*i**2 - 23*i - 8. Let h be q(8). Suppose h = -4*c + 2*c + f - 14, -2*f = -8. Let k(d) = d**2 + 4*d + 7. Determine k(c).
12
Let s(z) = -z**2 - 5*z - 3. Let l = 123 + -128. Give s(l).
-3
Let v(q) be the first derivative of -q**4/4 + 5*q**3/3 + 2*q**2 - 6*q + 166. Calculate v(6).
-18
Let m(j) be the first derivative of -j**4/4 - 14*j**3/3 + 2*j + 1003. What is m(-14)?
2
Let g(b) = -b**2 + 2*b + 11. Let t be g(4). Let x(o) = -2*o**2 + 2*o - 2. What is x(t)?
-14
Let k(u) be the third derivative of -u**5/60 + 7*u**4/24 - 4*u**3/3 + 203*u**2. Determine k(5).
2
Let j(k) = -k**3 + k**2 + 6*k - 6. Suppose 2*f - 15 = -f + 2*b, 5*f - 2*b = 21. What is j(f)?
-6
Let f(u) = u**3 - 6*u**2 + u - 2. Let c(q) = 7*q**2 - q - 2. Let h be c(-1). What is f(h)?
4
Let o = 3 - -3. Let j(s) = -13 - 2*s + 3*s + o - 10. Give j(9).
-8
Let o(z) = -7*z**3 - 10*z**2 - z - 5. Let d(v) = 6*v**3 + 11*v**2 